1. Let t = 7 + -2. Suppose 3*g + 6 = -4*u - t, -5*g = 3*u + 11. Determine n(g).
2
Let h(n) = -2*n**2 - 2*n + 4. Let r be h(0). Let z(t) = 3*t - 10. Let w be z(4). Let i(u) = -4 - w - 2*u + 4*u + 5. Give i(r).
7
Let y(u) = u - 12. Let r(t) = t + 84*t**3 + 1 - 86*t**3 - 4*t**2 + 0*t**2 + 2*t**2. Let f be r(-2). What is y(f)?
-5
Let s(g) be the third derivative of -g**4/6 - g**3 + 10*g**2 + 10*g. Determine s(-4).
10
Let f(w) be the first derivative of -w**2/2 - 4*w + 2. Let r = 327 - 324. What is f(r)?
-7
Let s be 1/(3 - 8/3). Suppose -s*a + 1 = o, -3*a + 2*o = 3 - 19. Let n(l) = 3*l. Calculate n(a).
6
Let f(m) = -m - 1. Let j be 1/1 + (6 + -18 - -6). Give f(j).
4
Let i(a) = 13*a**3 - 19*a**2 + 7*a + 19. Let u = -19 - -13. Let j(v) = -7*v**3 + 10*v**2 - 4*v - 10. Let t(y) = u*i(y) - 11*j(y). What is t(4)?
4
Let d(n) = n**3 - 5*n**2 + 5*n - 1. Let v = 279 + -283. Suppose -2*m + 26 = -m. Let s be 100/m + v/(-26). Determine d(s).
3
Let a(r) = -r**2 - r + 3. Let y(h) = h**3 + 33*h**2 - 30*h + 139. Let u be y(-34). Determine a(u).
-9
Let i(d) be the third derivative of -d**4/24 + d**3/2 - 146*d**2. Calculate i(3).
0
Let h(z) = -9*z**2 + 5*z + 2. Let m(l) = 37*l**2 - 22*l - 9. Let u = -32 + 34. Let k(v) = u*m(v) + 9*h(v). Let p = 3 + -2. Determine k(p).
-6
Let f = 49 - 48. Let i(s) = -s**3 - s**2 - s + 2. Let u be i(f). Let c(t) = 3*t**2. Calculate c(u).
3
Let p(c) = 20*c + 86. Let g be p(-4). Let d(u) = -2*u + 15. Determine d(g).
3
Let w(g) = 2*g - 2. Let t(j) = -3*j + 3. Let k(l) = -5*t(l) - 7*w(l). Let v = 1 - 1. Suppose v*x - 24 = -4*x + 2*n, 3*x = -4*n + 18. Calculate k(x).
5
Let y(d) = d**3 - 4*d**2 + 3*d + 2. Let u = 124 + -115. Suppose -u*h - 21 = -16*h. Calculate y(h).
2
Let i(j) = -4*j**2 + 21*j + 17. Let d(k) = k**2 - 5*k - 4. Let g = -65 - -43. Let f = g + 31. Let x(s) = f*d(s) + 2*i(s). Determine x(5).
8
Let g be 1 - (1 + 2 + 246/(-3)). Let p = 76 - g. Let y(a) be the third derivative of a**5/60 + 5*a**4/24 + 5*a**3/6 - a**2. Calculate y(p).
1
Suppose 0 = 5*x - 15 + 35. Let n(r) = 14 + 7*r - 3*r - 14. Let t(g) = 4*g. Let s(j) = x*n(j) + 6*t(j). Determine s(1).
8
Let f(n) = n**3 - 3*n**2 - n - 2. Suppose 0 = -4*s + 11 + 9. Suppose 4*b + m - 17 = b, -4*m = -s*b. Determine f(b).
10
Let n be (-90)/35 - 21/49. Let y(b) = 2*b + 4. Give y(n).
-2
Let f(b) be the third derivative of -b**5/30 + b**3/6 - 2*b**2. Suppose -4*c + 3*p + 26 - 6 = 0, -10 = -2*c - 5*p. Suppose -4*r - 1 = -c*r. Give f(r).
-1
Let d = -350 + 352. Let w(c) = -4*c**3 + c**2. Determine w(d).
-28
Let d = -34 + 36. Let w(h) = -d + 5*h + 4 - 2 + 1. Determine w(-1).
-4
Let q(p) = 4*p**3 - 7*p**2 - 7*p - 8. Let z(a) = -3*a**3 + 6*a**2 + 6*a + 7. Let v(u) = 6*q(u) + 7*z(u). Calculate v(-2).
-23
Let n be (1/3)/(2/558). Suppose -4*o + 85 - n = 0. Let z(x) = x. Calculate z(o).
-2
Let t(b) be the first derivative of -b**2/2 - 7*b + 536. Let d be 4*2*-1*1. Give t(d).
1
Let z(i) = 4*i**3 - 2*i**2 + i. Let o = -1851 + 1849. What is z(o)?
-42
Let f(t) = 5*t**2 + 26*t + 12. Let d(q) = 3*q**2 + 16*q + 6. Let c(i) = -7*d(i) + 4*f(i). Give c(-7).
13
Let w(m) = 2*m**2 + 4*m - 10. Let f(j) = j**3 - 2*j**2 - 4*j + 5. Let k be f(3). Let b be w(k). Let l(o) = 2*o - 5. Give l(b).
7
Let w(l) be the third derivative of l**6/40 + l**5/60 - l**4/8 + l**3/3 + 23*l**2. Determine w(1).
3
Suppose 30*u - 28*u = -16. Let w(n) = n**3 - 9*n**2 - 7*n + 2. Let t(a) = -3*a**3 + 18*a**2 + 13*a - 5. Let q(l) = -2*t(l) - 5*w(l). What is q(u)?
-8
Let o(w) = -w**2 - 5*w. Let m = -30 - -33. Suppose l = 3*f + m + 11, -3*l = 5*f + 14. What is o(f)?
4
Let l(y) = y - 24*y - 84*y**2 - 2 + 83*y**2. Give l(-23).
-2
Suppose -k - 6 = -4*k. Let v(h) be the second derivative of h**5/20 - h**4/6 + h**3/3 + h**2 - 9*h + 172. Determine v(k).
6
Let x(l) = -l**3 + 7*l**2 - 4*l - 8. Let i be x(6). Let p(t) = -2*t - 2 + 2 + t**2 - 3*t - i. Suppose 0 = -c + 2*c - 5. Give p(c).
-4
Let x = -227 - -246. Suppose 11*g - x = 25. Let s(n) = 2*n - 4*n + 6 + 0*n. Determine s(g).
-2
Let a(i) = i**2 + 21*i - 7. Let n be a(-23). Let k be 14/(-6)*(-1 - 14). Let f = n - k. Let p(r) = -2*r**2 + 4*r + 1. Calculate p(f).
-15
Let m(r) = -3*r - 4. Let j(f) = 5*f**2 + 2*f - 9. Let l(q) = -q**2 + 1. Let t(z) = j(z) + 3*l(z). Let s be t(-3). Calculate m(s).
-22
Let k = -4 - -7. Let r = -8 + k. Let j(m) = m - 6. Determine j(r).
-11
Let s(y) be the third derivative of y**6/120 - y**5/10 + 5*y**4/24 + 4*y**3/3 - 168*y**2. Calculate s(5).
8
Let b(l) be the third derivative of l**6/120 + l**5/12 + 5*l**4/24 - 88*l**2. What is b(-4)?
-4
Let o be 2/(0 - (-2)/(-3)). Let u = o - -1. Let b(f) = -48*f - 10. Let j(a) = -14*a - 3. Let h(g) = 2*b(g) - 7*j(g). Calculate h(u).
-3
Suppose 0 = 3*u - b + 6*b - 4, 0 = -4*u + 2*b + 14. Suppose 2*d - 9 = -u. Suppose -12 = 5*j - d*j. Let y(z) = -z - 1. Determine y(j).
5
Let f(b) = -34 + 0*b - 37 + 80 - 3*b. Determine f(4).
-3
Let z(m) = 171*m - 40*m - m**3 + 9*m**2 - 46*m + 2 - 38*m - 44*m. What is z(9)?
29
Let t(u) = -7*u**3 - u. Let l(x) = x**3 - 6*x**2 - 14*x - 13. Let n be l(8). Suppose -12*s = -15*s + n. Determine t(s).
-8
Let h(d) = -d**3 + 6*d**2 + 3*d. Let g be (-1)/((-10)/(-12))*20/(-4). What is h(g)?
18
Suppose -2*m = -r - 8, 0*m = 3*m + r - 2. Let i(o) = -m*o**2 + 7*o**2 - o**3 + 7 + 5*o + 0. Let p be i(6). Let h(j) = 6*j. What is h(p)?
6
Let d(k) = k**3 + 2*k**2 - 5*k - 3. Let f be d(-3). Suppose 0 = n - 0*n + f. Let o(r) = 2*r**2 + 5*r + 4. What is o(n)?
7
Let s(q) = -18*q - 86. Let v(j) = 16*j + 82. Let z(n) = 6*s(n) + 7*v(n). What is z(-15)?
-2
Let f(n) be the third derivative of -n**4/24 - 9*n**3/2 - n**2 - 261. Determine f(-8).
-19
Let q(h) = 6*h - 3. Suppose 18*t = 14*t + 328. Let y = 86 - t. Determine q(y).
21
Let o(w) = -7*w - 9. Let k(r) = 2*r + 4. Let p(s) = -3*k(s) - o(s). Let v = -15 + 11. Let i be 1/(-2) + v/(-8). Give p(i).
-3
Let d(b) = b**2 + 5*b**2 - 46*b + 47*b. Calculate d(-1).
5
Let o(t) = -t. Let d(p) = 14. Let m(i) = d(i) + o(i). Give m(9).
5
Let u(l) be the second derivative of 10*l**3/3 - l**2/2 + 4*l + 28. Give u(-1).
-21
Let v(q) be the first derivative of q**2 + q - 1. Suppose -5 + 3 = y. Let w be (1 - 4) + (y - -5) + -1. What is v(w)?
-1
Let c = -5 - -9. Let k(h) = 5*h**3 - 8*h**2 - 21*h + 3. Let m(t) = 11*t**3 - 17*t**2 - 47*t + 6. Let a(p) = -9*k(p) + 4*m(p). What is a(c)?
1
Let l(i) = -3 + 1 + 19*i + 4 + 6 + i**2. What is l(-19)?
8
Let p(b) = b**3 - 5*b**2 + 7*b - 4. Suppose 5*a = -4 - 11. Let d = 9 + a. Let g = 10 - d. Give p(g).
8
Let p(j) = -j + 1. Let q be p(2). Let b(o) = 7*o + 3. Let k = 59 - 61. Let l(i) = i - 1. Let s(w) = k*l(w) - b(w). Calculate s(q).
8
Let a(c) be the second derivative of c**6/720 + c**5/10 - 11*c**4/12 + 11*c. Let f(q) be the third derivative of a(q). What is f(-8)?
4
Let b(h) = -7*h**2 - h**3 + 289 + 2*h**2 - 290. Determine b(-6).
35
Let i(n) = n**2 - 8*n + 7. Suppose 6*b + 24 = 108. Let a be (18 - b)/(2/3). Give i(a).
-5
Let f(w) be the third derivative of 19*w**6/120 + w**3/6 + 97*w**2. Calculate f(1).
20
Let n(q) = -3*q**3 + 9*q**2 + q + 9. Let s(r) = 3*r**3 - 7*r**2 - r - 7. Let j(x) = 4*n(x) + 5*s(x). What is j(-2)?
-17
Let t(i) be the first derivative of -13 + 0*i**2 - 1/3*i**3 + 4*i. Give t(-3).
-5
Let g(h) = h**3 + 2*h**2 + 4*h + 2. Suppose 3*z + 15 = 6*z. Let v(t) = 2*t**3 + t**2 - 3*t + 2. Let m be v(2). Suppose m - 6 = -z*w. Give g(w).
-6
Let o(f) = -4 + 2 - 24*f**2 + 2*f**3 + f - 3*f**3 + 23*f**2. Give o(-2).
0
Let n(a) = -a**3 - 12*a**2 - 6*a + 10. Let b(v) = 2*v**3 + 25*v**2 + 11*v - 20. Let k(z) = -2*b(z) - 5*n(z). Calculate k(-9).
-1
Let d(m) = -3*m - 40 - 3*m + 3*m + 16 - 9. Determine d(-11).
0
Let a = -150 + 156. Suppose 2*t - 4*t = -a*t. Let d(o) = o - 10. Calculate d(t).
-10
Let j(i) = -9*i**2 + 20*i + 29. Let k(a) = -32*a**2 + 59*a + 88. Let w(c) = -7*j(c) + 2*k(c). What is w(-21)?
-6
Let o(f) = -f**3 + 22*f**2 + 25*f - 50. Let s be (10557/(-36))/17*(-16)/12. Determine o(s).
-4
Let l(g) = 4*g - 192*g**3 + 11 + 191*g**3 - 22 - 3*g. Determine l(0).
-11
Let b(m) = -m**2 + 3*m - 1. Let g = 579 - 577. What is b(g)?
1
Suppose -18 = 10*y - 13*y. Let r(w) = w - 1. Let u(g) = 5*g**2 - 7*g + 6. Let q(k) = y*r(k) + u(k). Give q(-1).
6
Let w(s) = -s**3 - 3*s**2 + 3*s + 3. Suppose 4*f + 2 = -10. Let q be (4 + -1)/f - 2. Calculate w(q).
-6
Suppose -4*j 